s digit of 2593?
3
What is the hundred thousands digit of 121031?
1
What is the units digit of 2516?
6
What is the units digit of 3787?
7
What is the thousands digit of 15006?
5
What is the hundreds digit of 1518?
5
What is the units digit of 11396?
6
What is the hundreds digit of 6919?
9
What is the units digit of 1409?
9
What is the tens digit of 6411?
1
What is the tens digit of 4572?
7
What is the hundreds digit of 21373?
3
What is the thousands digit of 2100?
2
What is the hundreds digit of 112089?
0
What is the units digit of 60182?
2
What is the thousands digit of 44091?
4
What is the hundreds digit of 834?
8
What is the hundreds digit of 1292?
2
What is the hundreds digit of 18520?
5
What is the thousands digit of 50736?
0
What is the hundreds digit of 1226?
2
What is the units digit of 13739?
9
What is the hundreds digit of 1607?
6
What is the units digit of 3514?
4
What is the units digit of 45499?
9
What is the tens digit of 58868?
6
What is the hundreds digit of 204?
2
What is the thousands digit of 63368?
3
What is the tens digit of 60977?
7
What is the thousands digit of 6684?
6
What is the tens digit of 5969?
6
What is the hundreds digit of 11718?
7
What is the units digit of 8010?
0
What is the units digit of 190465?
5
What is the tens digit of 157?
5
What is the hundreds digit of 926?
9
What is the tens digit of 2991?
9
What is the units digit of 10536?
6
What is the tens digit of 782?
8
What is the hundreds digit of 688?
6
What is the units digit of 2041?
1
What is the tens digit of 149667?
6
What is the tens digit of 19341?
4
What is the tens digit of 30687?
8
What is the units digit of 29471?
1
What is the units digit of 1600?
0
What is the tens digit of 59770?
7
What is the tens digit of 1114?
1
What is the units digit of 11543?
3
What is the hundreds digit of 70243?
2
What is the hundreds digit of 5164?
1
What is the units digit of 14781?
1
What is the hundreds digit of 13583?
5
What is the hundreds digit of 68588?
5
What is the tens digit of 91343?
4
What is the ten thousands digit of 47866?
4
What is the units digit of 209?
9
What is the units digit of 4482?
2
What is the thousands digit of 3554?
3
What is the tens digit of 67261?
6
What is the tens digit of 2863?
6
What is the tens digit of 379?
7
What is the ten thousands digit of 32209?
3
What is the ten thousands digit of 56477?
5
What is the hundred thousands digit of 138542?
1
What is the thousands digit of 5395?
5
What is the thousands digit of 72146?
2
What is the units digit of 4167?
7
What is the ten thousands digit of 65096?
6
What is the thousands digit of 2392?
2
What is the tens digit of 106?
0
What is the hundreds digit of 946?
9
What is the units digit of 2983?
3
What is the thousands digit of 20614?
0
What is the thousands digit of 39933?
9
What is the thousands digit of 5190?
5
What is the tens digit of 41837?
3
What is the hundreds digit of 3389?
3
What is the hundreds digit of 18006?
0
What is the tens digit of 855?
5
What is the units digit of 2609?
9
What is the hundreds digit of 4053?
0
What is the units digit of 35704?
4
What is the tens digit of 122?
2
What is the thousands digit of 2537?
2
What is the thousands digit of 87696?
7
What is the tens digit of 230?
3
What is the thousands digit of 1203?
1
What is the thousands digit of 1234?
1
What is the hundreds digit of 6952?
9
What is the ten thousands digit of 14188?
1
What is the hundreds digit of 12917?
9
What is the thousands digit of 35401?
5
What is the thousands digit of 4564?
4
What is the hundreds digit of 5277?
2
What is the thousands digit of 2926?
2
What is the tens digit of 34184?
8
What is the ten thousands digit of 118171?
1
What is the tens digit of 1525?
2
What is the units digit of 956?
6
What is the thousands digit of 1609?
1
What is the tens digit of 3092?
9
What is the thousands digit of 137367?
7
What is the tens digit of 3848?
4
What is the ten thousands digit of 30490?
3
What is the units digit of 2543?
3
What is the hundreds digit of 1050?
0
What is the hundreds digit of 42906?
9
What is the tens digit of 1174?
7
What is the thousands digit of 1726?
1
What is the tens digit of 1425?
2
What is the thousands digit of 2350?
2
What is the tens digit of 1894?
9
What is the units digit of 9281?
1
What is the ten thousands digit of 46486?
4
What is the hundreds digit of 43985?
9
What is the thousands digit of 56247?
6
What is the units digit of 14035?
5
What is the units digit of 3175?
5
What is the hundreds digit of 422?
4
What is the units digit of 655?
5
What is the units digit of 33050?
0
What is the tens digit of 1019?
1
What is the units digit of 133719?
9
What is the tens digit of 1436?
3
What is the units digit of 2353?
3
What is the tens digit of 16780?
8
What is the units digit of 10162?
2
What is the hundreds digit of 1226?
2
What is the units digit of 55633?
3
What is the tens digit of 476?
7
What is the tens digit of 8248?
4
What is the hundreds digit of 93777?
7
What is the thousands digit of 6622?
6
What is the ten thousands digit of 42268?
4
What is the units digit of 10653?
3
What is the tens digit of 4943?
4
What is the units digit of 31993?
3
What is the units digit of 7326?
6
What is the units digit of 39188?
8
What is the ten thousands digit of 27907?
2
What is the tens digit of 76006?
0
What is the tens digit of 1397?
9
What is the hundreds digit of 7187?
1
What is the units digit of 3248?
8
What is the hundreds digit of 10890?
8
What is the units digit of 306?
6
What is the ten thousands digit of 60674?
6
What is the thousands digit of 4196?
4
What is the tens digit of 506?
0
What is the units digit of 530?
0
What is the units digit of 1491?
1
What is the tens digit of 939?
3
What is the tens digit of 3627?
2
What is the thousands digit of 7023?
7
What is the hundreds digit of 1013?
0
What is the thousands digit of 161303?
1
What is the ten thousands digit of 19089?
1
What is the thousands digit of 9920?
9
What is the hundreds digit of 973?
9
What is the units digit of 875?
5
What is the units digit of 1678?
8
What is the units digit of 1863?
3
What is the tens digit of 86939?
3
What is the hundreds digit of 4499?
4
What is the hundreds digit of 46733?
7
What is the units digit of 3343?
3
What is the tens digit of 16313?
1
What is the tens digit of 1261?
6
What is the units digit of 4118?
8
What is the tens digit of 4886?
8
What is the units digit of 2225?
5
What is the hundreds digit of 4574?
5
What is the ten thousands digit of 10732?
1
What is the ten thousands digit of 13582?
1
What is the thousands digit of 25648?
5
What is the thousands digit of 1387?
1
What is the units digit of 34774?
4
What is the tens digit of 7372?
7
What is the hundreds digit of 580?
5
What is the hundreds digit of 1470?
4
What is the units digit of 98809?
9
What is the ten thousands digit of 57103?
5
What is the ten thousands digit of 13463?
1
What is the tens digit of 903?
0
What is the tens digit of 3872?
7
What is the ten thousands digit of 13705?
1
What is the hundreds digit of 2207?
2
What is the thousands digit of 20113?
0
What is the tens digit of 136093?
9
What is the units digit of 552?
2
What is the units digit of 725?
5
What is the thousands digit of 1131?
1
What is the tens digit of 37733?
3
What is the hundreds digit of 1484?
4
What is the units digit of 6063?
3
What is the units digit of 673?
3
What is the tens digit of 30746?
4
What is the tens digit of 140?
4
What is the tens digit of 11750?
5
What is the thousands digit of 5315?
5
What is the hundreds digit of 933?
9
What is the units digit of 88036?
6
What is the thousands digit of 2408?
2
What is the hundreds digit of 4605?
6
What is the thousands digit of 10800?
0
What is the hundreds digit of 2394?
3
What is the hundreds digit of 85378?
3
What is the units digit of 2811?
1
What is the hundreds digit of 297?
2
What is the tens digit of 1993?
9
What is the units digit of 8?
8
What is the units digit of 455?
5
What is the hundreds digit of 3043?
0
What is the hundreds digit of 178?
1
What is the units digit of 815?
5
What is the ten thousands digit of 67855?
6
What is the units digit of 59?
9
What is the thousands digit of 25259?
5
What is the units digit of 6837?
7
What is the thousands digit of 34092?
